896.
2, 23, 307
List the prime factors of 22043828.
2, 29, 307, 619
List the prime factors of 189930.
2, 3, 5, 13, 487
List the prime factors of 14038129.
7, 2005447
List the prime factors of 1983893.
431, 4603
List the prime factors of 2351706.
2, 3, 7, 19, 421
What are the prime factors of 8300366?
2, 499, 8317
What are the prime factors of 59507?
7, 8501
What are the prime factors of 1262851?
1262851
What are the prime factors of 427537?
11, 38867
What are the prime factors of 2425192?
2, 7, 11, 31, 127
List the prime factors of 80813.
211, 383
List the prime factors of 14078295.
3, 5, 7, 11, 17, 239
List the prime factors of 100747.
100747
List the prime factors of 2523594.
2, 3, 420599
What are the prime factors of 417209?
13, 67, 479
What are the prime factors of 483005?
5, 96601
What are the prime factors of 12188535?
3, 5, 97, 8377
What are the prime factors of 305373?
3, 137, 743
What are the prime factors of 13141739?
13, 1010903
What are the prime factors of 19527910?
2, 5, 643, 3037
List the prime factors of 588667.
588667
List the prime factors of 608677.
608677
List the prime factors of 10302960.
2, 3, 5, 42929
What are the prime factors of 1128581?
19, 59399
List the prime factors of 11154882.
2, 3, 263, 7069
What are the prime factors of 75443?
37, 2039
What are the prime factors of 3369879?
3, 233, 1607
What are the prime factors of 539631?
3, 17, 3527
List the prime factors of 1004573.
317, 3169
List the prime factors of 823245.
3, 5, 71, 773
List the prime factors of 3054212.
2, 7, 19, 5741
What are the prime factors of 12259602?
2, 3, 681089
What are the prime factors of 378888?
2, 3, 15787
List the prime factors of 29209378.
2, 11, 31, 42829
List the prime factors of 7585662.
2, 3, 7, 179, 1009
List the prime factors of 219907.
29, 7583
List the prime factors of 25489271.
79, 322649
What are the prime factors of 1135026?
2, 3, 21019
What are the prime factors of 821920?
2, 5, 11, 467
What are the prime factors of 5463654?
2, 3, 7, 130087
List the prime factors of 5454775.
5, 218191
What are the prime factors of 5192160?
2, 3, 5, 29, 373
List the prime factors of 4440924.
2, 3, 281, 439
List the prime factors of 31165461.
3, 3462829
What are the prime factors of 103900?
2, 5, 1039
What are the prime factors of 18937816?
2, 61, 151, 257
List the prime factors of 5861833.
103, 56911
List the prime factors of 292623.
3, 103, 947
What are the prime factors of 1215680?
2, 5, 29, 131
What are the prime factors of 2926424?
2, 73, 5011
List the prime factors of 5230643.
11, 19, 29, 863
What are the prime factors of 122972?
2, 71, 433
List the prime factors of 1836002.
2, 7, 131143
List the prime factors of 80834.
2, 13, 3109
List the prime factors of 6667517.
487, 13691
What are the prime factors of 224229?
3, 41, 1823
What are the prime factors of 2400820?
2, 5, 120041
What are the prime factors of 96675?
3, 5, 1289
List the prime factors of 1484369.
1484369
What are the prime factors of 20080281?
3, 13, 17, 31, 977
List the prime factors of 2316623.
41, 56503
What are the prime factors of 1084214?
2, 61, 8887
List the prime factors of 1240551.
3, 13, 23, 461
List the prime factors of 122936.
2, 11, 127
What are the prime factors of 4841459?
7, 691637
List the prime factors of 73252.
2, 18313
What are the prime factors of 18306884?
2, 4576721
What are the prime factors of 1670511?
3, 67, 8311
What are the prime factors of 14534990?
2, 5, 1453499
List the prime factors of 3799716.
2, 3, 41, 7723
What are the prime factors of 9803106?
2, 3, 23, 877
List the prime factors of 138465.
3, 5, 17, 181
What are the prime factors of 215058?
2, 3, 73, 491
What are the prime factors of 501061?
11, 41, 101
List the prime factors of 12269692.
2, 3067423
List the prime factors of 3737773.
13, 17, 1301
What are the prime factors of 3314490?
2, 3, 5, 17, 67, 97
List the prime factors of 1544026.
2, 11, 70183
List the prime factors of 172785.
3, 5, 11519
What are the prime factors of 256144?
2, 7, 2287
What are the prime factors of 2903022?
2, 3, 17, 53, 179
What are the prime factors of 3395160?
2, 3, 5, 9431
What are the prime factors of 2712649?
19, 142771
List the prime factors of 6114992.
2, 13, 29399
What are the prime factors of 15686248?
2, 19, 31, 3329
What are the prime factors of 6856952?
2, 31, 43, 643
What are the prime factors of 81998?
2, 7, 5857
List the prime factors of 1055780.
2, 5, 11, 4799
List the prime factors of 459935.
5, 7, 17, 773
List the prime factors of 714444.
2, 3, 29, 2053
What are the prime factors of 14072561?
14072561
List the prime factors of 20812591.
2161, 9631
List the prime factors of 110404.
2, 7, 3943
What are the prime factors of 14141?
79, 179
What are the prime factors of 16638623?
19, 875717
What are the prime factors of 158361?
3, 7, 7541
List the prime factors of 38814.
2, 3, 6469
List the prime factors of 12082822.
2, 19, 317969
What are the prime factors of 2684494?
2, 1342247
List the prime factors of 559287.
3, 62143
What are the prime factors of 1105844?
2, 276461
List the prime factors of 32641180.
2, 5, 11, 13, 101, 113
What are the prime factors of 391180?
2, 5, 19559
What are the prime factors of 10140591?
3, 3380197
What are the prime factors of 31081608?
2, 3, 41, 10529
What are the prime factors of 3422012?
2, 11, 77773
List the prime factors of 3801518.
2, 7, 38791
List the prime factors of 3909701.
23, 169987
What are the prime factors of 738409?
7, 37, 2851
What are the prime factors of 2368513?
7, 48337
What are the prime factors of 272456?
2, 34057
List the prime factors of 218534.
2, 109267
List the prime factors of 33802715.
5, 17, 139, 2861
List the prime factors of 48611.
48611
List the prime factors of 23550772.
2, 7, 120157
What are the prime factors of 2141345?
5, 461, 929
What are the prime factors of 88399?
109, 811
What are the prime factors of 121761?
3, 83, 163
What are the prime factors of 230583?
3, 101, 761
List the prime factors of 488484.
2, 3, 4523
What are the prime factors of 1557583?
23, 241, 281
What are the prime factors of 15605825?
5, 624233
List the prime factors of 4773285.
3, 5, 11, 9643
What are the prime factors of 182751?
3, 60917
What are the prime factors of 10529423?
23, 37, 12373
List the prime factors of 8843438.
2, 4421719
List the prime factors of 352626.
2, 3, 58771
List the prime factors of 29177.
163, 179
List the prime factors of 3854576.
2, 11, 181
List the prime factors of 850490.
2, 5, 85049
List the prime factors of 600260.
2, 5, 30013
List the prime factors of 7212092.
2, 1803023
What are the prime factors of 5036239?
13, 387403
What are the prime factors of 5610632?
2, 701329
List the prime factors of 15458278.
2, 11, 421, 1669
What are the prime factors of 35491?
35491
What are the prime factors of 449454?
2, 3, 173, 433
What are the prime factors of 144868?
2, 36217
List the prime factors of 19032657.
3, 7, 906317
What are the prime factors of 15216953?
37, 89, 4621
What are the prime factors of 312964?
2, 78241
What are the prime factors of 271495?
5, 7, 7757
List the prime factors of 660660.
2, 3, 5, 7, 11, 13
What are the prime factors of 1060992?
2, 3, 307
What are the prime factors of 348078?
2, 3, 58013
List the prime factors of 203210.
2, 5, 7, 2903
List the prime factors of 600872.
2, 75109
List the prime factors of 301803.
3, 29, 3469
List the prime factors of 623447.
11, 19, 157
What are the prime factors of 126943?
126943
List the prime factors of 4646776.
2, 31, 41, 457
List the prime factors of 18370360.
2, 5, 257, 1787
List the prime factors of 4249752.
2, 3, 13, 53, 257
What are the prime factors of 1594980?
2, 3, 5, 8861
List the prime factors of 387658.
2, 239, 811
What are the prime factors of 3358330?
2, 5, 335833
What are the prime factors of 1944195?
3, 5, 11, 11783
List the prime factors of 1193038.
2, 7, 11, 61, 127
What are the prime factors of 647333?
647333
What are the prime factors of 68034?
2, 3, 17, 23, 29
List the prime factors of 318611.
19, 41, 409
List the prime factors of 459208.
2, 61, 941
List the prime factors of 254450.
2, 5, 7, 727
What are the prime factors of 327559?
327559
What are the prime factors of 31862820?
2, 3, 5, 11, 23, 2099
What are the prime factors of 1821775?
5, 72871
List t